u. Suppose 7*i - y*i - 45 = 0. Is i composite?
True
Suppose -2*b = -3*b - 5*g + 29, 0 = 3*b + 3*g - 27. Suppose 5*i - 1050 = -b*k, -2*k + 2*i + 420 + 114 = 0. Is k composite?
True
Let w = -10 + 14. Suppose -w*v + 83 = -41. Is v composite?
False
Let s(c) = -2*c**2. Let r be s(2). Let h(z) = z + 10. Let o be h(r). Is (o - 1)/1 + 30 prime?
True
Let r(s) be the third derivative of 1/10*s**5 + 1/6*s**3 + 0*s**4 - 2*s**2 + 0*s + 0. Is r(4) composite?
False
Let k(z) = 4*z**2 + 1. Let p be k(1). Suppose -4*d + 170 = d - p*c, -3*d = 5*c - 126. Is d a composite number?
False
Suppose 5*y - 20 = 2*x, 0*x - x - 7 = -y. Suppose a - 4 = -y. Suppose 2*h + 108 = 2*l, -a*l + h - 22 = -131. Is l a prime number?
False
Suppose -4*j - 4*k + 15 + 9 = 0, 0 = 5*j - 3*k - 14. Suppose -3*y + j*o - 2*o + 256 = 0, -4*o + 348 = 4*y. Is y a composite number?
True
Let n = -12 + 5. Is (-488 + -1)*n/21 prime?
True
Suppose -284 = -2*m - 2*g, 3*m + g = -186 + 618. Is m a composite number?
True
Let z(j) = -j + 2. Let k be z(0). Suppose 0 = -i - 3*w - 9, 4*w = 5*i + k*w - 23. Suppose -i*n = n - 24. Is n composite?
True
Suppose -5*a + 13*a = 15208. Is a composite?
False
Let b(k) = -4*k + 12. Let n be b(5). Is (154/n)/(6/(-24)) prime?
False
Let w be ((-28)/(-21))/((-2)/(-9)). Suppose -l = b - 2, 4*l - 28 = 4*b - l. Is w/(-1 - b) + 1 a prime number?
True
Suppose 2*b - 7*b = -15. Suppose b*i - 5*p - 92 = -i, -i + 23 = 5*p. Is i composite?
False
Let l = -1714 + 3759. Is l a composite number?
True
Suppose 8*k - 5*l - 2470 = 3*k, 494 = k + 5*l. Suppose -r + 5*y = -188, 0 = 3*r - 0*y - y - k. Is r a prime number?
True
Let g = 13 - 19. Is 12/g + (56 - 1) prime?
True
Suppose 3*a + 26 = -3*h - 94, 2*h + 70 = 3*a. Suppose 3*d = -4*m + 36, -4*d = -4*m + 9*m - 45. Let z = m - h. Is z a composite number?
False
Let s(c) = 1 - 4 + 38*c - 3*c + 0. Is s(10) a prime number?
True
Let t = 1 - -3. Suppose w - 34 = t*v + 16, 2*w = 5*v + 91. Is w composite?
True
Let n(a) = -4*a + 2. Let u be n(2). Let r = u - -8. Suppose 0 = -2*k - r*t + 64, k + t = 3*k - 61. Is k prime?
True
Suppose 0 = -k - 5*i - 190 + 1746, 25 = -5*i. Suppose k = 3*b + 108. Is b prime?
True
Let t(y) = -50*y - 1. Is t(-3) a composite number?
False
Let h(f) = -2*f - 10. Let a = -8 + 13. Suppose -28 = a*b - b. Is h(b) prime?
False
Suppose -3*p + 20 = -157. Is p composite?
False
Suppose 5*o + 248 = 2*g, -2*g = g + 2*o - 372. Suppose -3*n = p - g - 252, -3*p + 366 = 3*n. Is n composite?
False
Let t be 2396*(14/4 + -3). Let r = t - 693. Is r a prime number?
False
Let l(j) = 2*j**2 + 6*j + 11. Is l(-7) a composite number?
False
Is 1 + 210 - (-4)/(-12)*0 a composite number?
False
Is 293 + -2 + -2 + 4 prime?
True
Let d be (4/(-6))/(2/(-93)). Let u = d + -19. Suppose -4*l + u = 0, -3*j + 5*l = 3*l - 72. Is j a composite number?
True
Is -3 - (-219 - (-9)/3) a prime number?
False
Is (-25026)/(-10) - (-4)/10 prime?
True
Suppose -2*g - 2*s - s + 499 = 0, 3*s + 3 = 0. Is g a composite number?
False
Suppose -376 = 5*v + 254. Suppose 0 = -40*s + 45*s + 305. Let y = s - v. Is y a composite number?
True
Let a be (6/1 + -2)/2. Suppose -t - a*t = -291. Is t a prime number?
True
Let w be (-26)/(-6) + (-6)/18. Suppose g = w*g + 27. Let k = 23 + g. Is k prime?
False
Let k = -82 + 149. Is k prime?
True
Suppose -4*z - d = -21428, 8*d - 9*d = -4*z + 21428. Is z a prime number?
False
Suppose -3*j + 3907 = 742. Is j a prime number?
False
Let f(z) = -3*z**2 - z**3 + 4*z**2 - 13 - 7 + 103. Is f(0) a prime number?
True
Let n(y) = -y**2 + 5*y - 2. Let a be n(4). Let s(l) = 7*l**3 + l**2 - 3*l + 3. Is s(a) a composite number?
True
Suppose v + 2 = s, 5*s + 4 = 4*s + 3*v. Suppose s*m = 22 + 13. Is m prime?
True
Let u(k) = -3*k - 17. Let j be u(-13). Suppose 0 = 4*w + j - 182. Suppose -4*b = -4*d - 140, 2*d - w - 7 = -b. Is b prime?
False
Let o(w) = w + 4. Let l be o(0). Suppose l*t + 3 + 13 = 0. Let n(z) = -2*z**3 - 5*z**2 + 2*z - 3. Is n(t) composite?
False
Suppose g + 7 = 82. Suppose g = 2*s - 3. Is s a composite number?
True
Suppose 4*o + 4 = 5*r, 12 = 2*r + 4*o - 12. Let t be r/(-18) + (-4)/(-18). Suppose 0*w - 3*w + 57 = t. Is w a composite number?
False
Let l(d) = -890*d**3 - 2*d**2 + d + 2. Is l(-1) a prime number?
False
Suppose 3*p + 66 - 243 = 0. Is p a composite number?
False
Let m(p) = p**2 + 2*p - 5. Let w = 5 - 1. Is m(w) composite?
False
Let w be 434/6 - 10/(-15). Let v = 128 - w. Is v a composite number?
True
Is 163*(4 + -1 + -2) a prime number?
True
Let k = -13 - -7. Is (-2)/k + (-392)/(-3) prime?
True
Let f(x) = -1867*x**3 + x**2 - 1. Is f(-1) a composite number?
False
Suppose 3*j + 25 = -2*j, 0 = 2*s + 3*j - 345. Let c = s + -121. Is c prime?
True
Let j be ((-2)/3)/((-26)/5577). Suppose 0 = i + 3*o + 7 - j, -5*i - 3*o + 644 = 0. Is i a composite number?
False
Suppose 3*u - 23 = -3*s + 4, -3*u = -2*s - 7. Suppose -u*d + 5*m - 26 = -116, -5*d + 120 = m. Is d a composite number?
False
Suppose 0*x - x = -p + 635, -2*x = -p + 637. Is p a composite number?
True
Suppose h - 4*r = 6993, -4*h + 0*h + 4*r + 28008 = 0. Is -4*(h/12)/(-5) a prime number?
True
Let j(a) = 4*a + 18. Is j(16) prime?
False
Suppose -2*u = 2*p - 658, p - 175 = 4*u - 1471. Suppose 59 = -2*r + u. Is r a composite number?
True
Suppose -8 - 1 = 5*q + 3*x, -9 = -4*q + 3*x. Suppose q = 6*m - m - 185. Is m composite?
False
Suppose -5*p + l = -4*p - 1, 5*p = 4*l + 5. Let w = p - 4. Let k = 13 + w. Is k a prime number?
False
Let i(h) = 29*h. Let u be i(2). Let m = -35 + u. Is m a composite number?
False
Suppose -6*g + 597 + 2649 = 0. Is g a composite number?
False
Let g = 24 - 16. Let w = g - 5. Suppose w*p = 2*p + 55. Is p composite?
True
Let s(o) = 2*o**3 + 7*o**2 + 2*o - 1. Let t be s(6). Let a = t + -420. Suppose -a = -7*l + 2*l. Is l a prime number?
False
Suppose 349 = 2*v - 73. Is v a composite number?
False
Suppose 0 = d - 642 - 1009. Let m = -788 + d. Is m a composite number?
False
Is -2*-11*(-141)/(-6) a composite number?
True
Let p(f) = -7*f**3 - 2*f**2 + 10*f + 3. Let d(r) = -13*r**3 - 3*r**2 + 19*r + 5. Let i(l) = 6*d(l) - 11*p(l). Is i(4) a prime number?
True
Suppose -4*c = -10*c + 2022. Is c prime?
True
Suppose a - 1 = -w, -5*w + 0*a + 2*a + 12 = 0. Suppose 0 = c + w*z - 37, 3*z - z = 5*c - 185. Is c prime?
True
Is 6/33 + 5694/22 prime?
False
Let m(l) = -l**2 - 1. Let j be m(1). Let w be (44/(-8))/(j/(-12)). Is w/(-2)*8/6 a prime number?
False
Is (7/4)/(1/596) composite?
True
Let p(r) = -r**3 - 10*r**2 + 10*r - 11. Let t be p(-11). Suppose t = -0*z + 3*z - 777. Is z a prime number?
False
Suppose -220 = 2*d - 6*d. Is d prime?
False
Let k(v) = v**3 + 13*v**2 + 11*v - 8. Let m be k(-12). Is ((-420)/16)/(-3)*m a composite number?
True
Suppose d = 4*y - 3*y - 802, 5*y = -4*d + 4019. Is y a composite number?
True
Let a(m) = -6 + 0*m + 4*m**3 + m + 1 - 5*m**2 - 2. Is a(6) composite?
False
Let g be (-16)/24*(-18)/4. Let y(u) = -26*u - 4. Let w be y(g). Let b = -57 - w. Is b prime?
False
Suppose -v - 5*a + 4563 = 0, -4*v - 4*a + 1328 = -16988. Is v a composite number?
False
Let g(q) = 0*q**3 - 2 - 2*q**2 + 4 + 2*q**3. Let x be (-2)/(-6) + (-15)/(-9). Is g(x) a composite number?
True
Suppose -x - 3*x - 12 = -4*k, 0 = -2*x + 3*k - 3. Is (-1)/x + (-7364)/(-24) composite?
False
Let t(n) = n. Let w be t(-2). Let m(p) = p**2 + 2*p. Let r be m(w). Suppose -2*g - 2*b = -5*g + 47, 2*g + 4*b - 58 = r. Is g prime?
True
Let y = -32 + 81. Is y composite?
True
Let c be 2/(-3)*3*21. Let p = c - -1. Let q = p + 74. Is q a composite number?
True
Suppose -4*n + 27 + 203 = 3*u, u - n = 65. Suppose y = 3*y - u. Is y a prime number?
False
Let d(n) = -10*n - 8. Let q(o) = -11*o - 9. Let v(g) = 7*d(g) - 6*q(g). Let z be -6*((-2)/(-4) + 0). Is v(z) a composite number?
True
Let g = 3 - -5. Suppose 5*t - 3 - 3 = -3*w, 3*t - g = -4*w. Suppose 5*h - w*h - 165 = 0. Is h a composite number?
True
Let z(n) = -8*n**3 - 5*n**2 + 6*n - 13. Is z(-6) a prime number?
True
Let i = 14 - 20. Let q(x) = -3*x**3 - 11*x**2 - 2*x + 16. Let v(o) = -2*o**3 - 7*o**2 - o + 11. Let d(s) = 5*q(s) - 7*v(s). Is d(i) a composite number?
True
Is 1*(372 - 1 - 0) a prime number?
False
Suppose 2*p - 20 = -2*p. Suppose -h + 43 = 4*s - 2, -p*s = -h + 63. Is h a composite number?
False
Let m = 1706 - 1176. Suppose -5*h + 65 + m = 0. Is h a prime nu